e of -t**5/10 + t**4/12 - t**3/3 + 16*t. Give n(2).
-16
Let g(f) be the second derivative of -f**3 - 1/12*f**4 + 1/2*f**2 + 0 + 2*f. Determine g(-5).
6
Let g(z) = -z**2 + z + 22. Let c be g(0). Suppose -2*r = -5*f + c, 2*r + f = -f + 6. Let q(h) = -7 + 6 - 4*h - 3*h. Give q(r).
6
Let z(t) = 4*t**2 - 3*t + 11*t - 3*t**2 + 5. Calculate z(-6).
-7
Let f(n) = n + 5. Let z be ((-14)/(-6))/((-3)/(-9)). Let t be -1*z - (1 + -3). Give f(t).
0
Let l(s) = -s**3 + 13*s**2 - 14*s + 17. Let u(g) = 15*g - 63. Let v be u(5). Give l(v).
-7
Let t(q) = 2*q - 1. Suppose -5*w + 20 + 10 = 0. Let j be ((-8)/3)/(w/(-9)). What is t(j)?
7
Let i be 10/5 - (3 + 2). Let x(r) = r. What is x(i)?
-3
Suppose 26*b + 42 = 32*b. Let f(h) = -h + 9. What is f(b)?
2
Suppose 5*p = 10 + 10. Let q be (-9)/7 + p/14. Let l(d) = 8*d**2 - d. Give l(q).
9
Let k = -4 - -3. Let w(f) = -2*f**2 - f - 1. Determine w(k).
-2
Let i(c) = 9 - 3 - c - 5. What is i(2)?
-1
Suppose 12 = -5*o + 67. Let n(t) = -o - t**2 + 12 + 4*t - 6*t - t. Determine n(-4).
-3
Let p(c) = -4*c**3 - 2*c**2 - 2*c + 2. Let s(g) = 4*g**3 + 3*g**2 + 3*g - 3. Let j(n) = 3*p(n) + 2*s(n). Let r = -2 - -3. Give j(r).
-4
Suppose 0 = -3*q + 5*r - 19, r + 5 = -5*q + 4*r. Let y(p) = q*p - 2*p**2 - 2*p + 3*p. Determine y(2).
-2
Let q(t) = -1 - 8*t - t + 0*t + 8*t. Suppose 10*w - 5*w - 60 = 0. Suppose 5*n - w = n. Determine q(n).
-4
Let u(s) be the first derivative of -4 - 2*s - 7/2*s**2 - 1/3*s**3. Give u(-6).
4
Suppose -8 + 4 = -4*h. Let x(d) = 4*d - 1. Let g be x(h). Let q(n) = n**2 - 4*n - 1. Calculate q(g).
-4
Let g(i) be the third derivative of -i**5/60 + i**4/6 + 7*i**2. Suppose 3*t = 15 - 6. Calculate g(t).
3
Let g(p) = -p + 9. Let u be g(7). Let t be (2 + (-3)/6)*u. Let b(l) = 0 - t*l + 0 + 2*l. Give b(4).
-4
Let m be -1 + -1 + (-1 - 0). Let c(a) = -6*a + 15 + 2*a - 13. Let o(h) = 2*h - 1. Let x(u) = m*c(u) - 5*o(u). Calculate x(2).
3
Suppose 3*x - 3*z - 12 = 0, 0*x - 2*x + 3*z = -11. Let g(j) = -j**2 + j - 1. What is g(x)?
-1
Let n(u) = -3*u - 22 + 15 - u. Let r be n(-3). Let q(h) = 2*h. Determine q(r).
10
Suppose 0 = -u - 7*f + 3*f + 20, -4*u + 35 = f. Let x = u + -8. Let j(q) = q**2 - 6. Give j(x).
-6
Let i(c) = c + 2. Let q be i(0). Let w(u) = 0 + 4 + 0*u**2 - 3 + u**q - 4*u. Determine w(2).
-3
Suppose -2*a - 8 = 3*d + 4, 4*a + 2*d = -8. Let v(r) be the third derivative of r**4/24 + r**2. Give v(a).
0
Let q(f) be the third derivative of f**9/60480 + f**8/5040 + f**7/5040 - f**6/360 - f**5/20 + 3*f**2. Let p(m) be the third derivative of q(m). Calculate p(-3).
4
Let m(p) = 3*p**2 - 7*p + 7. Let i(o) = -o**2 + 3*o - 4. Let z(d) = -5*i(d) - 2*m(d). Calculate z(0).
6
Let m be 3/((0 + 2)/(-2)). Let r(j) be the second derivative of -6*j + 1/20*j**5 + 1/3*j**4 + 0 + 1/6*j**3 + 3/2*j**2. Calculate r(m).
9
Let g(v) = 16*v**3 - v**2 + 1. Let f(p) = 47*p**3 - 3*p**2 + 3. Let k(d) = 6*f(d) - 17*g(d). Suppose b = -r + 2, 3*r + 0*r = -4*b + 7. What is k(b)?
10
Let g(r) = r**2 - 11*r + 3. Let l(c) = -c**2 + 12*c - 3. Let w(s) = -6*g(s) - 5*l(s). Give w(4).
5
Let u(o) = o - 4. Let n = -1 - 4. Let t(b) = -2*b + 8. Let j(z) = n*u(z) - 2*t(z). Calculate j(-4).
8
Let c(f) = -11 + 7 + 4 + f - 1. Let r = 17 + -12. Suppose -12 - 13 = r*p. Determine c(p).
-6
Let t(h) = -h**3 + 4*h**2 - 3*h + 3. Let v(n) be the second derivative of -7/12*n**4 + n + 0 - 1/20*n**5 - 1/6*n**3 - 2*n**2. Let l be v(-7). Give t(l).
3
Let h(g) = -2*g. Let d(n) = -4 + 2 - n + 7*n + 1. Let w(t) = -2*d(t) - 7*h(t). Give w(2).
6
Suppose 1 + 2 = 3*d + 4*h, -3 = 4*d + 3*h. Let k(t) = -t**3 - 3*t**2 - 4*t - 2. Determine k(d).
10
Suppose -z + 5*z = 0. Let d(b) = b**3 - b**2 + b - 7. What is d(z)?
-7
Let f(d) = 5*d + 1. Let y(g) = 11*g + 3. Let p(b) = 14*f(b) - 6*y(b). What is p(-4)?
-20
Let k(g) be the second derivative of -g**5/20 + g**4/2 - 4*g**2 - g. What is k(6)?
-8
Let z(m) = -8*m**2 + 7*m**2 + 2*m**2 + m + 2. Calculate z(4).
22
Let q(z) = 10*z**3 + 34*z**2 + 10*z + 16. Let s(p) = -7*p**3 - 23*p**2 - 7*p - 11. Let m(u) = 5*q(u) + 7*s(u). Calculate m(-9).
-6
Let c(f) = f**2 - 7*f + 0*f**2 - 4*f + 2 + 3*f. Calculate c(6).
-10
Let z(u) = u**2 - u**2 + 5 + 5*u - u**2. Let w be z(5). Suppose -6 = 3*g, -w*g = -3*i + 8 + 2. Let j(k) = -k**3 + k**2 - k + 6. Determine j(i).
6
Let j = -3 - 1. Let u(q) = 5*q + 3. What is u(j)?
-17
Let n(w) = w**3 - 9 + 4 - 1 + 4. What is n(2)?
6
Let q be 0 + -1*(10 + -4). Let s(c) = c + 4. Let k(t) = t + 4. Let f(o) = -6*k(o) + 7*s(o). What is f(q)?
-2
Let d(o) = 5*o - 12. Let h(j) = 2*j - 4. Let m(f) = 3*d(f) - 8*h(f). Suppose 0 = k - 4*k - 12. What is m(k)?
0
Suppose 6*l = 7*l + 6. Let j(q) = q**3 + 7*q**2 + 6*q + 8. Calculate j(l).
8
Let t(d) be the third derivative of 1/4*d**4 + 2*d**2 + 0 - d**3 + 0*d. Let o(p) = 5*p - 6. Let v(s) = -4*o(s) + 3*t(s). Determine v(4).
-2
Let o(n) = 3*n**2 + n**3 + n - 10*n + 3*n + 4*n - 3. Determine o(-4).
-11
Let a(n) = n - 2. Suppose 3*b - 21 - 6 = 0. Let k = b + -5. Suppose k*x - 2*x + q - 11 = 0, q - 20 = -5*x. Give a(x).
1
Let x(y) = 1 + 2*y - 3 + 5 - 3*y. Determine x(-4).
7
Let b be 3 + -2 + -2 + 3. Let v(i) = -i + 2*i + 2*i**2 - 5*i**b + 1 - i**3 + 1. Determine v(-2).
-4
Let f(d) = -d**2 - d - 7. Suppose -18 + 6 = -2*m. Suppose 0 = g - m*g. Suppose 4*a - 12 = 3*r + 2*r, g = a - 3. Give f(r).
-7
Let o(p) = -2*p**3 + 4*p + 5. Let g be o(-1). Let n(j) = -3*j**2 + 3. Give n(g).
-24
Let m(u) = -u**3 + 7*u**2 + 10*u - 11. Suppose -2*n + 3*n = -4*b + 32, 0 = 3*b - n - 31. Let o = b - 1. Give m(o).
5
Suppose -5*x = -2 - 8. Suppose -3*a + 1 = -x*a. Let m(w) = 4 - 1 - 2 - 11*w. Calculate m(a).
-10
Let r(y) = y - 3. Let m = -4 + -2. Let i be 40/12 - m/9. Determine r(i).
1
Let x(n) = 2*n. Let g(c) = 6*c + 1. Let q(h) = -6*g(h) + 17*x(h). Determine q(6).
-18
Let s(m) be the second derivative of m**3/3 - 25*m. Determine s(-4).
-8
Let t(l) be the first derivative of -l**2/2 - 13*l + 45. Calculate t(0).
-13
Let u(z) = -2*z - 3. Let g be -2 + -8 + -3 + 1. Let m = g - -10. Calculate u(m).
1
Suppose 6*c + 6 = 3*c. Let p(z) = -z**3 - 2. Determine p(c).
6
Let d(n) be the third derivative of 1/120*n**6 + 0*n + 0 + 2*n**2 - 1/30*n**5 - 1/12*n**4 + 1/6*n**3. Let v be 0 + 2 + 2 + -2. What is d(v)?
-3
Let u(c) be the second derivative of -c**8/6720 - c**7/2520 - c**6/720 + c**5/60 - c**4/6 + 4*c. Let a(y) be the third derivative of u(y). Calculate a(-2).
8
Suppose 28 = 4*j + c - 2*c, -24 = -5*j + 4*c. Let h(o) = -o**2 + 11*o - 9. Calculate h(j).
15
Suppose -8 = 3*a - 2*x, 4*a - 3*x - 1 = -10. Let k(l) = -l**2 - 3*l + 7. Calculate k(a).
-11
Let o(i) = -i. Let d(u) = -2*u + 8. Let s(t) = d(t) - 3*o(t). Give s(-6).
2
Let w(x) = -x**2 - 3*x - 4. Let q(o) = -o**2 - 3*o - 3. Let y be (1 - (13 + -1))/(-1). Let p = 8 - y. Let f be q(p). Give w(f).
-4
Let a(d) = 5*d - 7. Let g(n) = 14*n - 21. Let f(x) = -17*a(x) + 6*g(x). Let m be f(-10). Suppose m = -z - 2. Let t(y) = y**3 + 6*y**2 + 4*y - 6. Calculate t(z).
-1
Suppose 3*c - 30 = -2*c. Let u = 8 - c. Suppose -u*f + 8 = -0. Let x(d) = d. What is x(f)?
4
Let x(p) be the second derivative of -p**4/24 - p**2/2 - 3*p. Let l(t) be the first derivative of x(t). Suppose 6*i + 1 = q + 2*i, 0 = 4*i. What is l(q)?
-1
Let o(j) = j - 1. Let l be o(1). Suppose 2*f - 2 + 8 = l. Let r(g) = 4*g + 2. Let i(m) = m + 1. Let p(b) = 6*i(b) - r(b). Give p(f).
-2
Let h = 1 + 4. Suppose -s = -1 - h. Suppose -2*m + 4 = -s*m. Let k(t) = -6*t**3 - 2*t**2 + 1. Calculate k(m).
5
Let v(q) = q**2 - 10*q + 6. Let s be v(10). Suppose 2*m + 3*b - s = b, 4*m = b + 12. Let g(d) = d**3 - 4*d**2 + 3*d - 1. Calculate g(m).
-1
Let w be (-2 - (3 - 2)) + 0. Let f(r) = r**3 + 3*r**2 - r + 2. Let t be f(w). Let k(q) = q**3 - 6*q**2 + 8*q - 7. Determine k(t).
8
Let h = -2 + 4. Let z(q) = -4*q + h*q + 0*q. Calculate z(2).
-4
Suppose -3*o - j + 5 = -5*o, 0 = 3*o - 4*j + 5. Let t(w) = -w**2 + 7*w + 2. Let g be t(7). Let d(f) = -1 - f**g - 3 + 5. What is d(o)?
-8
Let t(u) be the third derivative of u**6/120 + u**5/15 + u**4/24 - 5*u**2. Determine t(-2).
6
Let o(b) = -10*b**3 + 2*b**2 - b. Let w = -2 + 2. Suppose w = u - 5*d - 23, -2*u + 5*d + 16 = d. Let y be 1*-3*-1 + u. Give o(y).
-9
Let l(i) = -5*i + 3. Suppose 3*k + 14 = d, -2*d = d - k - 10. What is l(d)?
-7
Let o(c) = -c**2 - 6*c + 5. Let t be 5 - 2 - (-1 + 0). Let f be 38/(-8) +